late the highest common factor of 16 and p.
16
Let f(s) = -4*s + 11. Suppose l + 14 = 2*g, 7 - 3 = -4*l - 5*g. Let k be f(l). What is the greatest common factor of k and 7?
7
Let l = 386 - 296. What is the greatest common factor of l and 60?
30
Let y be (-234)/(-54) - 2/6. Suppose 2*p - 10 = -3*p - 4*j, 3*j - 7 = -4*p. Let l be (-141)/(-12) - p/8. Calculate the highest common divisor of y and l.
4
Let z(j) = 2*j**2 + 18*j - 41. Let b be z(-14). Calculate the highest common factor of b and 187.
11
Let j = 872 - 817. Calculate the highest common factor of j and 44.
11
Let j be 43 - ((-4)/4 + -1). Suppose -48 - 312 = -8*m. Calculate the highest common divisor of j and m.
45
Suppose -a - 8 + 59 = 0. Suppose -4*n + 5*f - 33 - a = 0, 5*n + 5*f + 60 = 0. Let r = 59 - n. What is the highest common factor of 15 and r?
15
Let l(j) = -j**2 + 14*j - 9. Let t be l(10). Let r be 3 + 0 + t + 1. What is the greatest common divisor of r and 7?
7
Let p(s) = 18*s**2 - 106*s + 15. Let d be p(6). What is the highest common divisor of 243 and d?
27
Let a be 3/1 + 8*1. Suppose -w + 15 + 18 = 0. Calculate the highest common factor of w and a.
11
Let i(f) = f**2 - 15*f + 13. Let k be i(13). Let y = 26 - k. What is the highest common factor of 52 and y?
13
Let c(k) = 9*k + 1. Let x be c(2). Let i(f) = f - 24 + x + 3*f**2 - 2*f**2. Let m be i(7). Calculate the highest common divisor of 17 and m.
17
Let m(n) = -7*n - 1. Let d be m(-1). Suppose -20 = 9*c - 14*c. Calculate the greatest common factor of d and c.
2
Suppose -8*l + 259 + 13 = 0. What is the highest common divisor of 2278 and l?
34
Suppose 2*p + 8 = 0, -4*o + 152 = -0*o - p. Let t be ((-3 + -1)*4)/((-18)/333). Calculate the highest common factor of t and o.
37
Let l(d) be the third derivative of -d**4/6 + 13*d**3/2 + 12*d**2. Let g be l(8). Calculate the greatest common divisor of 49 and g.
7
Let u be -868 + 1 - 0/2. Let f(n) = n**2 + 9*n + 6. Let y be f(-6). Let j be 2/y - u/18. What is the greatest common factor of j and 6?
6
Suppose 3*i = -5*q - 4, -3*i - 2*q + 7*q - 14 = 0. Let x be (-3)/((-450)/(-152) + i). Calculate the greatest common factor of 19 and x.
19
Let w = 459 + -298. Calculate the highest common divisor of 69 and w.
23
Let q be -4 + (-7)/((-21)/426). Suppose 2*c + 28 = q. Calculate the greatest common factor of c and 5.
5
Let i be 21/(-11 - 910/(-80)). Suppose 2*q - 5*q + 4*o = -64, 8 = -2*o. What is the highest common factor of i and q?
8
Suppose -13*m - 6 = -16*m. Suppose 5*r = m*r + 396. Calculate the highest common factor of 12 and r.
12
Let n = 171 - 169. What is the greatest common factor of 2 and n?
2
Let r(n) = -n**3 + 4*n**2 + 3*n - 3. Let p be r(4). Calculate the highest common divisor of p and 153.
9
Let w(o) = -o**3 - 5*o**2 - 4*o + 2. Let z be w(-5). Suppose 4*v + 2 = t - v, -t = v - 2. Calculate the highest common divisor of t and z.
2
Let g be (4/10)/((-6)/540). Let m = g + 42. Calculate the greatest common factor of 48 and m.
6
Suppose -2 = 2*d, -3*n + 2*d = -4*n + 3. Suppose -40 = -3*h + h. Let a be 93/n + 8/h. What is the greatest common factor of 114 and a?
19
Let b(m) = 14*m - 34. Suppose 39*n - 37*n - 12 = 0. Let s be b(n). What is the highest common factor of 20 and s?
10
Let d = -333 + 420. Let w(z) = -2*z**3 - 4*z**2 - 5*z - 4. Let o be w(-3). Calculate the highest common factor of o and d.
29
Suppose -12*g + 3 = -13*g. Let w(q) = 2*q**2 - q - 12. Let j be w(g). Calculate the greatest common factor of j and 63.
9
Let b(x) = 2*x**2 + 3*x + 3. Let l be b(-3). Let t = 6 - l. Let q be (t/7)/((-1)/7). What is the greatest common factor of q and 2?
2
Let h(v) = v**3 + 18*v**2 - 75*v + 1. Let j be h(-21). Calculate the greatest common divisor of j and 55.
11
Let h be 2 - 8 - (-54 - 7). What is the highest common factor of 10 and h?
5
Let h = 506 + -505. What is the greatest common divisor of h and 89?
1
Let w(l) = 66*l**2 - 42*l - 80. Let u be w(-2). What is the highest common divisor of 335 and u?
67
Let n be 1/((-2)/(-20))*22/55. Suppose n*g - 24 = -0*g. What is the greatest common divisor of g and 18?
6
Let c(u) = 10*u + 3*u + 4 + u**2 - 13*u. Let i(p) = -p**2 - 5*p + 18. Let y be i(-7). Let v be c(y). What is the greatest common factor of v and 10?
10
Let p be (9 - (5 + 0))/((-4)/(-10)). What is the highest common divisor of 1280 and p?
10
Suppose -2*t + 5 = -23. Let u(o) = o**2 - 2*o - 7. Let n be u(5). Let d be (126/(-12))/((-2)/n). Calculate the greatest common divisor of t and d.
14
Let n be (-10)/(-3)*(12 + (-165)/25). What is the highest common factor of n and 450?
18
Let y be 23/((-92)/(-88))*(-7)/(-2). Calculate the highest common divisor of y and 1078.
77
Let f(p) = -2 - 6 - 2*p**3 + p + 9. Suppose 6*b + 0*b = -6. Let x be f(b). What is the greatest common divisor of x and 8?
2
Let c = 18 - -22. Let k = 27 - c. Let p = k + 23. What is the highest common divisor of p and 15?
5
Suppose -4*s = t - 16 - 20, -28 = -4*s + t. Suppose -2*h + 89 = -23. Calculate the greatest common divisor of h and s.
8
Suppose -7*q + 291 = 67. Calculate the greatest common divisor of 224 and q.
32
Suppose -u = u. Let f = 64 - u. Calculate the highest common divisor of f and 8.
8
Suppose 21 - 837 = -5*n + 4*r, 2*n - 316 = -r. Let z be -16*-1*2/2. What is the highest common divisor of n and z?
16
Let o = 4 + 4. Let x(j) = -j**3 + 4*j - 10 + 11*j**2 - 9*j + j. Let i be x(o). What is the highest common divisor of i and 60?
30
Let j(d) = 21*d**2 + 4 - 4*d - 8*d**2 + 10*d**2 + 2. Let b be j(2). What is the greatest common divisor of b and 36?
18
Let x = 114 - 106. What is the greatest common factor of x and 1?
1
Suppose 0 = -2*d + 6, -3*p - 13*d + 93 = -12*d. Calculate the highest common divisor of 474 and p.
6
Let y be (-1)/((-1510)/(-505) - 3). What is the highest common factor of y and 2?
1
Let v = 35 - 11. Suppose 5*d = -n - 4, -3*d = n - 4*n + v. What is the greatest common divisor of 4 and n?
2
Let j be 320/28 + 3/(-7). Suppose j = 4*v - 69. Calculate the greatest common factor of 20 and v.
20
Let g = 233 + -227. Calculate the highest common divisor of g and 8.
2
Let v(j) = j**3 + 19*j**2 - 25*j + 30. Let r be v(-20). Calculate the highest common factor of r and 78.
26
Suppose -2*v = -18 + 2. Let w = 11 - v. Suppose -q - 20 = -w*q. Calculate the highest common factor of q and 90.
10
Let n(r) = -548*r + 52. Let x be n(-2). Calculate the greatest common divisor of 28 and x.
28
Let y(r) = -28*r + 85. Let s be y(3). Let p be -2*(2 - 7/2). Suppose 0 = a - p*a + 22. What is the greatest common divisor of a and s?
1
Let l be (80/28)/(4/322). Calculate the greatest common factor of l and 30.
10
Suppose -7 = v - 3, 0 = 4*j - 3*v + 36. Let y = -7 - j. Suppose 2*c + 20 = -d + 6*d, -4*d + c + 13 = 0. Calculate the greatest common factor of d and y.
1
Suppose -14*c - 2*c = -32. Suppose -2*g - 5 + 21 = 0. Calculate the greatest common factor of g and c.
2
Let a(z) = -3*z**3 - 29*z**2 - 65*z - 3. Let f be a(-7). Let r be (-4)/(-14) + 54/7. Let b = r + 16. What is the highest common factor of f and b?
12
Let b be (-9181)/(-9) - (-16)/(-144). Let h = b + -437. What is the highest common factor of h and 53?
53
Let t(d) = -d**3 + 12*d**2 + 14*d + 13. Let x be t(13). Calculate the highest common divisor of 52 and x.
26
Let u = -138 - -223. Let k = -59 + u. Calculate the highest common divisor of 39 and k.
13
Let x be 225 + -16 + 2 + 6. What is the greatest common divisor of x and 124?
31
Suppose -3*y = -2*j - 31 - 3, 2*j = -5*y + 62. Let b = 2 + 2. Suppose -2*w - b*p = -184, 6*p + 408 = 5*w + 3*p. Calculate the highest common factor of w and y.
12
Suppose 2*u + 0*u + 6 = 0, -3*g + 4*u = -15. Suppose 3*v - 3*j + 0 = 12, -j + g = 4*v. Let a be 36/2 + -43 + 36. What is the highest common divisor of v and a?
1
Let r = -4 - -7. Suppose c + r*c = -p - 8, 3*p + 4*c = 0. Calculate the highest common divisor of p and 28.
4
Suppose -2*j + 304 = 2*t, 2*t = 3*t - j - 160. Suppose 26 + t = r. Calculate the greatest common divisor of r and 26.
26
Suppose -693 = -4*i - 245. Calculate the highest common divisor of 64 and i.
16
Suppose 3*z = -2*r - 9, 3*r + z + 3 = -2*r. Suppose r = 3*n - 93 + 30. Suppose 16*b - 11*b - 840 = 0. What is the greatest common divisor of n and b?
21
Suppose -j - j + 2*h + 42 = 0, 5*j - 3*h - 